5.
3, 5, 4787
What are the prime factors of 30130190?
2, 5, 3013019
What are the prime factors of 1576208?
2, 29, 43, 79
What are the prime factors of 11881406?
2, 1973, 3011
List the prime factors of 437656.
2, 227, 241
List the prime factors of 988792.
2, 7, 17657
List the prime factors of 582523.
29, 53, 379
List the prime factors of 8834361.
3, 277, 10631
List the prime factors of 1321124.
2, 7, 29, 1627
List the prime factors of 2036234.
2, 149, 6833
What are the prime factors of 420136?
2, 52517
List the prime factors of 8260896.
2, 3, 7, 19, 647
List the prime factors of 907683.
3, 7, 43223
What are the prime factors of 587664?
2, 3, 7, 11, 53
What are the prime factors of 14803660?
2, 5, 19, 163, 239
List the prime factors of 74074.
2, 7, 11, 13, 37
What are the prime factors of 8572213?
13, 31, 89, 239
List the prime factors of 1079956.
2, 37, 7297
What are the prime factors of 3819915?
3, 5, 11, 7717
List the prime factors of 1205817.
3, 401939
What are the prime factors of 213360?
2, 3, 5, 7, 127
What are the prime factors of 875890?
2, 5, 87589
List the prime factors of 6498152.
2, 19, 42751
What are the prime factors of 1094640?
2, 3, 5, 4561
What are the prime factors of 2465?
5, 17, 29
What are the prime factors of 3311614?
2, 1655807
What are the prime factors of 285591?
3, 23, 4139
List the prime factors of 28684011.
3, 9561337
List the prime factors of 530485.
5, 17, 79
List the prime factors of 2561455.
5, 13, 157, 251
What are the prime factors of 3437?
7, 491
What are the prime factors of 330485?
5, 157, 421
What are the prime factors of 2007787?
19, 105673
List the prime factors of 7103143.
7103143
What are the prime factors of 11219856?
2, 3, 233747
List the prime factors of 254007.
3, 13, 167
What are the prime factors of 313646?
2, 156823
List the prime factors of 4934127.
3, 11, 149519
List the prime factors of 19380822.
2, 3, 37, 67, 1303
List the prime factors of 15495634.
2, 7, 11, 100621
What are the prime factors of 755183?
11, 13, 5281
What are the prime factors of 786283?
73, 10771
What are the prime factors of 208302?
2, 3, 149, 233
What are the prime factors of 421699?
421699
List the prime factors of 281999.
73, 3863
List the prime factors of 321274.
2, 160637
List the prime factors of 868539.
3, 7, 59, 701
List the prime factors of 42152.
2, 11, 479
What are the prime factors of 9302454?
2, 3, 7, 53, 199
What are the prime factors of 459283?
11, 43, 971
What are the prime factors of 22895376?
2, 3, 7, 68141
List the prime factors of 1860546.
2, 3, 310091
What are the prime factors of 16743988?
2, 4185997
What are the prime factors of 1695655?
5, 13, 19, 1373
What are the prime factors of 30651999?
3, 7, 109, 1913
What are the prime factors of 28301065?
5, 13, 435401
What are the prime factors of 21316964?
2, 31, 353, 487
List the prime factors of 478750.
2, 5, 383
List the prime factors of 859474.
2, 7, 11, 5581
List the prime factors of 2438074.
2, 937, 1301
What are the prime factors of 2247370?
2, 5, 224737
List the prime factors of 450137.
450137
What are the prime factors of 144829?
144829
List the prime factors of 242844.
2, 3, 7, 59
What are the prime factors of 3521031?
3, 37, 31721
List the prime factors of 78075.
3, 5, 347
List the prime factors of 124842.
2, 3, 20807
List the prime factors of 1917429.
3, 639143
What are the prime factors of 113039?
113039
List the prime factors of 144955.
5, 53, 547
What are the prime factors of 2182110?
2, 3, 5, 7, 10391
List the prime factors of 2173900.
2, 5, 21739
What are the prime factors of 718376?
2, 89797
What are the prime factors of 257783?
257783
List the prime factors of 1913909.
31, 107, 577
List the prime factors of 6893948.
2, 1723487
What are the prime factors of 1950842?
2, 975421
What are the prime factors of 25453250?
2, 5, 17, 53, 113
What are the prime factors of 4497157?
7, 59, 10889
What are the prime factors of 10787862?
2, 3, 839, 2143
What are the prime factors of 287826?
2, 3, 7, 11, 89
List the prime factors of 16057892.
2, 4014473
List the prime factors of 5273742.
2, 3, 878957
What are the prime factors of 1358099?
29, 46831
List the prime factors of 20631720.
2, 3, 5, 19, 9049
What are the prime factors of 14004042?
2, 3, 13, 29, 41, 151
What are the prime factors of 529240?
2, 5, 101, 131
What are the prime factors of 790489?
7, 112927
List the prime factors of 11233338.
2, 3, 23, 81401
What are the prime factors of 278363?
278363
What are the prime factors of 790542?
2, 3, 37, 1187
List the prime factors of 3980239.
41, 193, 503
What are the prime factors of 22645318?
2, 149, 75991
What are the prime factors of 2496250?
2, 5, 1997
List the prime factors of 9307067.
7, 11, 120871
List the prime factors of 100536.
2, 3, 59, 71
What are the prime factors of 26882359?
7, 19, 107, 1889
List the prime factors of 577701.
3, 64189
What are the prime factors of 18239019?
3, 6079673
List the prime factors of 29708162.
2, 11, 122761
What are the prime factors of 1555255?
5, 13, 71, 337
List the prime factors of 2889972.
2, 3, 26759
List the prime factors of 101920.
2, 5, 7, 13
List the prime factors of 312899.
312899
What are the prime factors of 40033241?
211, 337, 563
What are the prime factors of 214693?
17, 73, 173
List the prime factors of 69630.
2, 3, 5, 11, 211
What are the prime factors of 714478?
2, 357239
What are the prime factors of 72497?
72497
What are the prime factors of 10620908?
2, 739, 3593
What are the prime factors of 2792394?
2, 3, 11, 1567
List the prime factors of 935333.
7, 41, 3259
List the prime factors of 1008730.
2, 5, 149, 677
What are the prime factors of 4045924?
2, 577, 1753
List the prime factors of 486721.
486721
List the prime factors of 1371167.
7, 27983
What are the prime factors of 113616?
2, 3, 263
What are the prime factors of 16934815?
5, 127, 26669
List the prime factors of 220599.
3, 127, 193
List the prime factors of 646158.
2, 3, 107693
List the prime factors of 64825.
5, 2593
What are the prime factors of 701412?
2, 3, 58451
What are the prime factors of 1184078?
2, 7, 83, 1019
List the prime factors of 3431044.
2, 41, 20921
List the prime factors of 2476800.
2, 3, 5, 43
What are the prime factors of 2632889?
7, 376127
What are the prime factors of 8907516?
2, 3, 67, 1231
List the prime factors of 903473.
43, 21011
List the prime factors of 19593436.
2, 233, 21023
What are the prime factors of 9898759?
13, 761443
List the prime factors of 984050.
2, 5, 19681
List the prime factors of 313504.
2, 97, 101
List the prime factors of 2650603.
2650603
List the prime factors of 694891.
409, 1699
What are the prime factors of 8156961?
3, 906329
What are the prime factors of 1625288?
2, 7, 29023
What are the prime factors of 149554?
2, 37, 43, 47
List the prime factors of 5055841.
7, 523, 1381
List the prime factors of 11210229.
3, 43, 83, 349
List the prime factors of 560354.
2, 17, 16481
What are the prime factors of 25631?
19, 71
List the prime factors of 2064886.
2, 107, 9649
What are the prime factors of 2054727?
3, 25367
List the prime factors of 125749.
13, 17, 569
What are the prime factors of 6435941?
29, 31, 7159
List the prime factors of 2139944.
2, 267493
List the prime factors of 1388478.
2, 3, 7, 13, 2543
What are the prime factors of 492321?
3, 379, 433
What are the prime factors of 206038?
2, 7, 14717
What are the prime factors of 9426863?
9426863
List the prime factors of 438208.
2, 41, 167
List the prime factors of 7595165.
5, 53, 28661
List the prime factors of 32791.
11, 271
What are the prime factors of 1460170?
2, 5, 151, 967
List the prime factors of 1185763.
47, 25229
List the prime factors of 1098809.
953, 1153
List the prime factors of 612248.
2, 7, 13, 29
What are the prime factors of 3835612?
2, 11, 179, 487
List the prime factors of 2890187.
17, 197, 863
List the prime factors of 865174.
2, 432587
What are the prime factors of 6386510?
2, 5, 13, 3779
List the prime factors of 140551.
140551
What are the prime factors of 225523?
225523
What are the prime factors of 330370?
2, 5, 33037
List the prime factors of 4396994.
2, 7, 127, 2473
List the prime factors of 6600622.
2, 7, 383, 1231
What are the prime factors of 423485?
5, 84697
List the prime factors of 2411818.
2, 53,